{"id":23,"date":"2021-06-30T12:18:31","date_gmt":"2021-06-30T10:18:31","guid":{"rendered":"https:\/\/diu.sportnutritionsante.eu\/?page_id=23"},"modified":"2022-06-10T13:23:38","modified_gmt":"2022-06-10T11:23:38","slug":"diu-naps","status":"publish","type":"page","link":"https:\/\/diu.sportnutritionsante.eu\/index.php\/diu-naps\/","title":{"rendered":"DIU NAPS"},"content":{"rendered":"<p>DIU NAPS<\/p>\n\n\n<p class=\"has-large-font-size\">Dipl\u00f4me Inter-Universitaire (DIU) Nutrition et Activit\u00e9s Physiques et Sportives (NAPS)<\/p>\n\n\n\n<p><strong>Session 2022-2023<\/strong><\/p>\n\n\n\n<p>La formation vous apporte les connaissances de base sur les besoins nutritionnels en lien avec les pratiques sportives et la mani\u00e8re d\u2019utiliser les activit\u00e9s physiques pour am\u00e9liorer la sant\u00e9 et le bien-\u00eatre.<\/p>\n\n\n\n<p><strong>Universit\u00e9s partenaires <\/strong>: Universit\u00e9 de Reims Champagne-Ardenne (URCA) et Universit\u00e9 de Paris (UdP)<\/p>\n\n\n\n<p><strong>Responsables de l&#8217;enseignement <\/strong>: Philippe Noirez (URCA) et Fran\u00e7ois Desgorces (UdP)<\/p>\n\n\n\n<p><strong>Forme de l&#8217;enseignement :<\/strong>&nbsp;hybride, en pr\u00e9sentiel &amp; \u00e0 distance gr\u00e2ce \u00e0 la captation, synchrone &amp; asynchrone<\/p>\n\n\n\n<p>Les inscriptions se d\u00e9rouleront \u00e0 l&#8217;Universit\u00e9 Paris Cit\u00e9 \u00e0 partir du mois de septembre 2022 apr\u00e8s avis favorable de la commission p\u00e9dagogique. <\/p>\n\n\n\n<p><strong>Tarifs<\/strong> : 1800\u20ac si prise en charge compl\u00e8te ou partielle sinon 1300\u20ac<\/p>\n\n\n\n<p>D\u00e9posez votre candidature (formulaire \u00e0 remplir, CV, lettre de motivations, dipl\u00f4mes) : <a href=\"https:\/\/appt.parisdescartes.fr\/cgi-bin\/WebObjects\/CanditOnline.woa\">ici<\/a><\/p>\n\n\n\n<p><a rel=\"noreferrer noopener\" href=\"https:\/\/odf.u-paris.fr\/fr\/offre-de-formation\/diplome-d-universite-du-diu-1\/sciences-humaines-et-sociales-SHS\/du-nutrition-et-activites-physiques-et-sportives-JI396LXV.html\" data-type=\"URL\" data-id=\"https:\/\/odf.u-paris.fr\/fr\/offre-de-formation\/diplome-d-universite-du-diu-1\/sciences-humaines-et-sociales-SHS\/du-nutrition-et-activites-physiques-et-sportives-JI396LXV.html\" target=\"_blank\">Site de l&#8217;Universit\u00e9 de Paris<\/a><\/p>\n\n\n\n<p>Site de l&#8217;Universit\u00e9 de Reims Champagne Ardenne<\/p>\n\n\n<div class=\"wp-block-image\">\n<figure class=\"aligncenter size-large is-resized\"><img loading=\"lazy\" decoding=\"async\" src=\"https:\/\/diu.sportnutritionsante.eu\/wp-content\/uploads\/2021\/06\/UParis-1-1024x390.png\" alt=\"\" class=\"wp-image-18\" width=\"414\" height=\"157\" srcset=\"https:\/\/diu.sportnutritionsante.eu\/wp-content\/uploads\/2021\/06\/UParis-1-1024x390.png 1024w, https:\/\/diu.sportnutritionsante.eu\/wp-content\/uploads\/2021\/06\/UParis-1-300x114.png 300w, https:\/\/diu.sportnutritionsante.eu\/wp-content\/uploads\/2021\/06\/UParis-1-768x293.png 768w, https:\/\/diu.sportnutritionsante.eu\/wp-content\/uploads\/2021\/06\/UParis-1-1536x585.png 1536w, https:\/\/diu.sportnutritionsante.eu\/wp-content\/uploads\/2021\/06\/UParis-1-1568x597.png 1568w, https:\/\/diu.sportnutritionsante.eu\/wp-content\/uploads\/2021\/06\/UParis-1.png 1861w\" sizes=\"auto, (max-width: 414px) 100vw, 414px\" \/><\/figure>\n<\/div>\n\n<div class=\"wp-block-image\">\n<figure class=\"aligncenter size-large\"><img loading=\"lazy\" decoding=\"async\" width=\"393\" height=\"70\" src=\"https:\/\/diu.sportnutritionsante.eu\/wp-content\/uploads\/2021\/06\/logo-urca-1.png\" alt=\"\" class=\"wp-image-17\" srcset=\"https:\/\/diu.sportnutritionsante.eu\/wp-content\/uploads\/2021\/06\/logo-urca-1.png 393w, https:\/\/diu.sportnutritionsante.eu\/wp-content\/uploads\/2021\/06\/logo-urca-1-300x53.png 300w\" sizes=\"auto, (max-width: 393px) 100vw, 393px\" \/><\/figure>\n<\/div>","protected":false},"excerpt":{"rendered":"<p>DIU NAPS Dipl\u00f4me Inter-Universitaire (DIU) Nutrition et Activit\u00e9s Physiques et Sportives (NAPS) Session 2022-2023 La formation vous apporte les connaissances de base sur les besoins nutritionnels en lien avec les pratiques sportives et la mani\u00e8re d\u2019utiliser les activit\u00e9s physiques pour am\u00e9liorer la sant\u00e9 et le bien-\u00eatre. Universit\u00e9s partenaires : Universit\u00e9 de Reims Champagne-Ardenne (URCA) et [&hellip;]<\/p>\n","protected":false},"author":1,"featured_media":0,"parent":0,"menu_order":0,"comment_status":"closed","ping_status":"closed","template":"","meta":{"footnotes":""},"class_list":["post-23","page","type-page","status-publish","hentry"],"_links":{"self":[{"href":"https:\/\/diu.sportnutritionsante.eu\/index.php\/wp-json\/wp\/v2\/pages\/23","targetHints":{"allow":["GET"]}}],"collection":[{"href":"https:\/\/diu.sportnutritionsante.eu\/index.php\/wp-json\/wp\/v2\/pages"}],"about":[{"href":"https:\/\/diu.sportnutritionsante.eu\/index.php\/wp-json\/wp\/v2\/types\/page"}],"author":[{"embeddable":true,"href":"https:\/\/diu.sportnutritionsante.eu\/index.php\/wp-json\/wp\/v2\/users\/1"}],"replies":[{"embeddable":true,"href":"https:\/\/diu.sportnutritionsante.eu\/index.php\/wp-json\/wp\/v2\/comments?post=23"}],"version-history":[{"count":10,"href":"https:\/\/diu.sportnutritionsante.eu\/index.php\/wp-json\/wp\/v2\/pages\/23\/revisions"}],"predecessor-version":[{"id":90,"href":"https:\/\/diu.sportnutritionsante.eu\/index.php\/wp-json\/wp\/v2\/pages\/23\/revisions\/90"}],"wp:attachment":[{"href":"https:\/\/diu.sportnutritionsante.eu\/index.php\/wp-json\/wp\/v2\/media?parent=23"}],"curies":[{"name":"wp","href":"https:\/\/api.w.org\/{rel}","templated":true}]}}